20 = y. Calculate the remainder when 9/(-27) - y/6 is divided by 4/10 + (-23)/(-5).
3
Suppose 3*j - 99 = -5*g - 7, 5*j - 180 = 5*g. What is the remainder when j is divided by 23?
11
Let w(i) = i**2 + 2*i + 2. Let a be w(-5). Let s = -9 + a. Suppose -4*j - s = -6*j, -22 = -2*y - j. What is the remainder when 16 is divided by y?
7
What is the remainder when 23 is divided by (18/(-21))/((-1)/14)?
11
What is the remainder when (4 + -3)*13*7 is divided by 23?
22
What is the remainder when (-2 + 993/(-6))*(-6)/15 is divided by 34?
33
Calculate the remainder when 7*(-4 + 16 + -5) is divided by 3.
1
Suppose 2*x - 25 = 17. What is the remainder when 80 is divided by x?
17
Let z(v) = -2*v**3 - 3*v**2 + v + 2. Let f be z(-2). Suppose -2*o = -4 - f. Suppose -d = -15 + o. Calculate the remainder when 31 is divided by d.
9
Suppose x = -3*x. Suppose x*v + 21 = v. Let u(l) = l. What is the remainder when v is divided by u(6)?
3
Let a(v) = -v**2 + 8*v + 9. Let f be a(8). Let l(q) = q**2 - 7*q + 4. Suppose 0 = -0*h + 4*h - 32. What is the remainder when l(f) is divided by h?
6
Suppose 2*m + 10 - 2 = 0. Let c be 4 - m/(-2) - 2. Suppose 5*a - 81 + 1 = c. What is the remainder when a is divided by 6?
4
Let w be (-18)/(-5)*(-20)/(-3). Let r = w - 16. Calculate the remainder when 14 is divided by r.
6
Suppose -f - 15 = -3*w, 0 = -f - 4 + 1. Suppose -109 = -5*i - 4*j, -4 = w*j - 3*j. Suppose 620 + 183 = 11*d. What is the remainder when d is divided by i?
23
Suppose 2*f - 73 + 8 = -3*l, -f = -5*l + 130. What is the remainder when 123 is divided by l?
23
Let g(p) be the third derivative of -7*p**4/8 + p**2. Calculate the remainder when 61 is divided by g(-1).
19
Suppose 0 = w + 3*w + 2*u - 16, 4*w + 4*u - 20 = 0. What is the remainder when 34 is divided by ((-1)/w)/(2/(-54))?
7
Suppose 5*j + 4*c - 32 = 45, j + c = 16. Let y = j - -2. What is the remainder when y is divided by 9?
6
Let w be ((-106)/8)/(1/(-4)). Let d = 92 - w. What is the remainder when d is divided by 10?
9
Let b = 74 - 38. What is the remainder when 141 is divided by b?
33
Let u(i) = 5*i + 5. Let k be u(-7). Let c be 2/(-10) - 126/k. Calculate the remainder when 8 is divided by 66/14 + c/14.
3
Suppose -3*h = -9, -4*l + 5*h + 34 = -19. Calculate the remainder when l is divided by 7.
3
Let d(r) = 5*r**2 - r - 2. Let l be (-28)/(-6) - 3/(-9). Suppose -4*a + 0*g = -g - 10, l*g = -5*a. Calculate the remainder when 61 is divided by d(a).
13
Suppose -4*k = 3 + 29. What is the remainder when 21 is divided by (3/4)/(k/(-64))?
3
Let c = 20 + 68. Calculate the remainder when c is divided by 30.
28
Suppose 4*k = 2*k + 148. Suppose -329 = -5*b + 3*d, 5*b - 411 + k = -d. What is the remainder when b is divided by 23?
21
What is the remainder when (-2955)/(-60) - (-3)/(-12) is divided by 13?
10
Let h(p) = -p**3 - 6*p**2 - 9*p - 12. Let m be h(-5). Suppose -4*g - m + 87 = 3*y, 0 = y + 3. What is the remainder when 64 is divided by g?
20
Let q(w) = w**3 + 6*w**2 - 7*w + 9. Calculate the remainder when 24 is divided by q(-7).
6
Suppose 0*v - 5*v = 0. Let a = v + 13. Calculate the remainder when a is divided by (15/6)/((-4)/(-8)).
3
Calculate the remainder when 14 is divided by 2/7 - (-130)/35.
2
Suppose 80 = 4*h + 2*r - 6*r, 3*h - 5*r = 66. Calculate the remainder when h is divided by 4.
1
Let i = 4 + -6. Let k be i - -47 - (-1 + 2). Suppose -2*q - k = -6*q. Calculate the remainder when 30 is divided by q.
8
What is the remainder when 118 is divided by (30/4 + 1)*2?
16
Let l = -20 + 41. Calculate the remainder when l is divided by 2/(-3)*(-18)/2.
3
What is the remainder when 12 is divided by (7 - 5)*4 - (-1 - 0)?
3
Suppose 2*o - 7*r + 2*r - 50 = 0, 0 = -o - r + 18. What is the remainder when 79 is divided by o?
19
Suppose -4*f = n - 22, -2*f + 3 + 1 = -3*n. Let k(s) = -s**3 + 7*s**2 - 3*s - 1. Calculate the remainder when k(f) is divided by (-78)/(-4) + (-135)/90.
16
Calculate the remainder when 17 is divided by ((-12)/(-8))/(6/20).
2
Suppose 101*p - 97*p - 60 = 0. What is the remainder when 44 is divided by p?
14
Let o = 10 + -2. Suppose -12 + 8 = 4*x. What is the remainder when (x/(-1))/(5/115) is divided by o?
7
Suppose 0 = i + i - z - 72, 4*z - 154 = -5*i. Calculate the remainder when i is divided by 9.
7
Let q(u) = -u**3 + u + 34. What is the remainder when q(0) is divided by 18?
16
What is the remainder when 94 is divided by ((-24)/(-7))/(7/49)?
22
Let k = -7 - -10. Suppose -2*z = -k*z + 22. Calculate the remainder when 42 is divided by z.
20
Let g = -23 + 37. Calculate the remainder when 25 is divided by g.
11
Let i = 1 + 0. Let p = 7 - i. Let v(t) = -t**3 + 7*t**2 - 5*t + 9. What is the remainder when v(p) is divided by 8?
7
Let b = -106 + 168. Calculate the remainder when 31 is divided by 8/16 + b/4.
15
Let b(y) = 3*y + 9 + 2 - 3. Let d(q) = -4*q - 7. Let t(g) = 4*b(g) + 5*d(g). Calculate the remainder when t(-4) is divided by 15.
14
Let f(o) = o + 4. Let j(u) = u**2 + 5*u + 7. What is the remainder when j(-5) is divided by f(0)?
3
Let m = -29 - -44. Calculate the remainder when (3*1)/(18/264) is divided by m.
14
Let o(t) be the first derivative of 5*t**2 + 2*t + 1. Calculate the remainder when 32 is divided by o(1).
8
Suppose 8*y - 7 - 169 = 0. What is the remainder when y is divided by 8?
6
Let b = 15 - 8. Suppose d - 49 = 6*d - 2*s, 35 = -3*d + 4*s. Let i(t) = -t**2 - 12*t - 8. What is the remainder when i(d) is divided by b?
5
Let m(o) = 3 - 4*o**2 + 6*o + 9*o**3 + 3*o**2 - 10*o**3. What is the remainder when 107 is divided by m(-4)?
26
Let r = 5 - -2. Calculate the remainder when r is divided by 5.
2
Let z = -4 - -6. Suppose -3*k + k = -5*a - 28, a + k + 7 = 0. Calculate the remainder when (-28)/a + 1/3 is divided by z.
1
Let k(p) = 2*p**3 - 8*p**2 + 3*p + 2. Let o be k(5). Suppose 0 = -3*l + 56 + o. Calculate the remainder when l is divided by 21.
20
Let f = -34 - -51. What is the remainder when 83 is divided by f?
15
Suppose -3*k + 3 = -6. Suppose 3*b = 3*h - 0 + 3, 4*b - 39 = -k*h. Let l = -18 - -29. Calculate the remainder when l is divided by b.
5
Let j(b) = b + 2. What is the remainder when 3 is divided by j(1)?
0
Suppose -9 = -2*y - y. Suppose 2*g = y + 7. Suppose 0*b - 57 = -3*b. Calculate the remainder when b is divided by g.
4
Suppose -3*q + 6 = -2*q. Let f = 11 + q. Let n = -10 + 58. Calculate the remainder when n is divided by f.
14
Suppose -u = -6*u + 45. Suppose 6*w - 4*w - 50 = 0. Calculate the remainder when w is divided by u.
7
Let b = 4 + -4. Suppose 4*f - 37 - 19 = b. Suppose p + 0 = 3*o - 2, o - f = -p. What is the remainder when 28 is divided by p?
8
Let v = 5 - 1. Suppose -5 = 2*n + i + 4*i, -2*i = 4*n - 30. Calculate the remainder when n is divided by v.
2
Suppose 116 = 6*c - 2*c. Suppose -5*x = -2*l - 89, 2*x + 2*l + 8 = 52. Let n = -4 + x. What is the remainder when c is divided by n?
14
Let z(q) = -q**2 - 19*q + 33. Calculate the remainder when z(-15) is divided by 16.
13
Suppose -n + 57 - 16 = 0. Calculate the remainder when n is divided by 22 + (-1)/(-3)*0.
19
Suppose 0*l - 3*l + 21 = 0. Let b = 6 + 12. What is the remainder when b is divided by l?
4
Suppose -2*p = -26 - 2. What is the remainder when 110 is divided by p?
12
Let u be ((-4)/(-2) + -7)/1. Let k = u - -6. What is the remainder when 24 is divided by (-125)/(-10) + k/2?
11
Let v = 34 - 19. What is the remainder when v is divided by 9?
6
Suppose 3*f + 6*b = 4*b + 50, -5*b - 125 = -5*f. What is the remainder when f is divided by 8?
4
Suppose 18 = 3*l + 3*l. Calculate the remainder when 3/(-9) - 26/(-6) is divided by l.
1
Suppose -37 = o - 5*u, -4*o + u = 2*u + 64. Let f = 7 - o. Suppose i + s = 12, -s - 2 = s. What is the remainder when f is divided by i?
11
Let q(h) = -5*h - 2. Calculate the remainder when 2/4*2 - -14 is divided by q(-2).
7
Suppose -2*h + 40 = 3*h. Let f be 0/(-2) + (1 - 1). Suppose f = 4*l - h*l + 112. What is the remainder when 54 is divided by l?
26
Let k = 9 + 23. Let s = 45 - k. Calculate the remainder when 51 is divided by s.
12
Suppose -s = 3*s - 72. Calculate the remainder when s is divided by 7.
4
Let v = 8 + -6. Let d be 390/7 - v/(-7). Suppose 6*y - 2*y = d. What is the remainder when 26 is divided by y?
12
Let y = -23 + 58. Let a = 42 + -24. What is the remainder when y is divided by 